units digit of 23102?
2
What is the thousands digit of 2893?
2
What is the units digit of 1260?
0
What is the hundreds digit of 1500?
5
What is the hundreds digit of 81756?
7
What is the hundreds digit of 884?
8
What is the hundreds digit of 10963?
9
What is the units digit of 9269?
9
What is the hundreds digit of 16228?
2
What is the hundreds digit of 15008?
0
What is the hundreds digit of 4102?
1
What is the thousands digit of 12142?
2
What is the units digit of 564?
4
What is the hundreds digit of 203?
2
What is the units digit of 2516?
6
What is the units digit of 17849?
9
What is the units digit of 5?
5
What is the ten thousands digit of 64502?
6
What is the units digit of 2121?
1
What is the units digit of 846?
6
What is the tens digit of 77443?
4
What is the hundreds digit of 3603?
6
What is the ten thousands digit of 79093?
7
What is the hundreds digit of 22811?
8
What is the tens digit of 6603?
0
What is the tens digit of 8198?
9
What is the hundreds digit of 104044?
0
What is the thousands digit of 3954?
3
What is the hundreds digit of 23097?
0
What is the hundreds digit of 19422?
4
What is the hundreds digit of 1476?
4
What is the hundreds digit of 862?
8
What is the units digit of 297?
7
What is the tens digit of 2247?
4
What is the units digit of 4594?
4
What is the thousands digit of 9932?
9
What is the hundreds digit of 36812?
8
What is the units digit of 132666?
6
What is the units digit of 41029?
9
What is the tens digit of 4290?
9
What is the hundreds digit of 882?
8
What is the thousands digit of 94901?
4
What is the thousands digit of 3413?
3
What is the ten thousands digit of 18315?
1
What is the ten thousands digit of 30782?
3
What is the tens digit of 10598?
9
What is the tens digit of 5437?
3
What is the tens digit of 9038?
3
What is the units digit of 671?
1
What is the hundreds digit of 48222?
2
What is the tens digit of 14745?
4
What is the thousands digit of 79825?
9
What is the hundreds digit of 3744?
7
What is the hundreds digit of 1385?
3
What is the tens digit of 130025?
2
What is the thousands digit of 31125?
1
What is the units digit of 14951?
1
What is the hundreds digit of 2422?
4
What is the hundreds digit of 46568?
5
What is the hundreds digit of 4763?
7
What is the tens digit of 1344?
4
What is the units digit of 1461?
1
What is the units digit of 3162?
2
What is the units digit of 9466?
6
What is the ten thousands digit of 13125?
1
What is the thousands digit of 3823?
3
What is the units digit of 35?
5
What is the thousands digit of 2599?
2
What is the thousands digit of 170916?
0
What is the ten thousands digit of 10150?
1
What is the hundreds digit of 57141?
1
What is the tens digit of 5763?
6
What is the tens digit of 34995?
9
What is the units digit of 3238?
8
What is the tens digit of 113?
1
What is the hundreds digit of 1119?
1
What is the tens digit of 10036?
3
What is the tens digit of 72?
7
What is the tens digit of 1275?
7
What is the ten thousands digit of 10612?
1
What is the tens digit of 3257?
5
What is the hundreds digit of 2135?
1
What is the thousands digit of 1172?
1
What is the hundreds digit of 2770?
7
What is the units digit of 2772?
2
What is the hundreds digit of 27310?
3
What is the units digit of 70?
0
What is the units digit of 13478?
8
What is the hundreds digit of 1749?
7
What is the units digit of 493?
3
What is the hundred thousands digit of 129340?
1
What is the thousands digit of 12923?
2
What is the units digit of 4174?
4
What is the hundreds digit of 6779?
7
What is the ten thousands digit of 70213?
7
What is the tens digit of 86?
8
What is the units digit of 1315?
5
What is the hundreds digit of 1320?
3
What is the units digit of 18652?
2
What is the tens digit of 98?
9
What is the units digit of 160?
0
What is the thousands digit of 2401?
2
What is the units digit of 2575?
5
What is the tens digit of 89851?
5
What is the tens digit of 1237?
3
What is the tens digit of 94489?
8
What is the hundreds digit of 779?
7
What is the hundreds digit of 6893?
8
What is the hundreds digit of 808?
8
What is the units digit of 41072?
2
What is the hundreds digit of 49027?
0
What is the units digit of 206?
6
What is the thousands digit of 24574?
4
What is the thousands digit of 1214?
1
What is the hundreds digit of 422?
4
What is the units digit of 5128?
8
What is the tens digit of 6042?
4
What is the tens digit of 653?
5
What is the hundreds digit of 1924?
9
What is the tens digit of 7425?
2
What is the ten thousands digit of 18245?
1
What is the units digit of 855?
5
What is the tens digit of 1098?
9
What is the hundreds digit of 736?
7
What is the units digit of 9081?
1
What is the hundreds digit of 17813?
8
What is the tens digit of 34632?
3
What is the thousands digit of 160655?
0
What is the tens digit of 1300?
0
What is the hundreds digit of 289?
2
What is the hundreds digit of 3963?
9
What is the tens digit of 530?
3
What is the tens digit of 867?
6
What is the hundreds digit of 220?
2
What is the units digit of 4783?
3
What is the thousands digit of 3868?
3
What is the thousands digit of 4477?
4
What is the hundreds digit of 18256?
2
What is the units digit of 1002?
2
What is the thousands digit of 18208?
8
What is the thousands digit of 2675?
2
What is the thousands digit of 49629?
9
What is the tens digit of 2190?
9
What is the units digit of 467?
7
What is the tens digit of 59?
5
What is the tens digit of 1866?
6
What is the ten thousands digit of 154785?
5
What is the hundreds digit of 7143?
1
What is the tens digit of 2133?
3
What is the ten thousands digit of 14065?
1
What is the units digit of 25651?
1
What is the thousands digit of 82313?
2
What is the tens digit of 1570?
7
What is the thousands digit of 67135?
7
What is the units digit of 1569?
9
What is the thousands digit of 31791?
1
What is the ten thousands digit of 26831?
2
What is the hundreds digit of 1525?
5
What is the units digit of 2457?
7
What is the units digit of 1630?
0
What is the units digit of 3273?
3
What is the tens digit of 5498?
9
What is the thousands digit of 4982?
4
What is the tens digit of 2833?
3
What is the tens digit of 22314?
1
What is the tens digit of 5180?
8
What is the hundreds digit of 5488?
4
What is the hundreds digit of 46857?
8
What is the tens digit of 11725?
2
What is the hundred thousands digit of 131905?
1
What is the units digit of 1666?
6
What is the tens digit of 41?
4
What is the hundreds digit of 2187?
1
What is the hundreds digit of 4560?
5
What is the units digit of 1093?
3
What is the thousands digit of 21405?
1
What is the ten thousands digit of 18617?
1
What is the tens digit of 8079?
7
What is the tens digit of 10880?
8
What is the thousands digit of 5015?
5
What is the thousands digit of 16139?
6
What is the tens digit of 3629?
2
What is the hundred thousands digit of 173372?
1
What is the tens digit of 2483?
8
What is the hundreds digit of 17897?
8
What is the tens digit of 5567?
6
What is the units digit of 3918?
8
What is the units digit of 1343?
3
What is the thousands digit of 13224?
3
What is the thousands digit of 9461?
9
What is the hundreds digit of 5812?
8
What is the hundreds digit of 1643?
6
What is the tens digit of 16050?
5
What is the tens digit of 45003?
0
What is the hundreds digit of 21411?
4
What is the hundreds digit of 822?
8
What is the tens digit of 5308?
0
What is the hundreds digit of 991?
9
What is the units digit of 1918?
8
What is the units digit of 796?
6
What is the hundreds digit of 1069?
0
What is the thousands digit of 138267?
8
What is the tens digit of 1370?
7
What is the tens digit of 11913?
1
What is the units digit of 4239?
9
What is the tens digit of 12015?
1
What is the ten thousands digit of 41263?
4
What is the units digit of 9116?
6
What is the hundreds digit of 133118?
1
What is the tens digit of 198391?
9
What is the tens digit of 38214?
1
What is the hundreds digit of 171?
1
What is the ten thousands digit of 26588?
2
What is the units digit of 1162?
2
What is the units digit of 2993?
3
What is the ten thousands digit of 16239?
1
What is the thousands digit of 1012?
1
What is the hundreds digit of 702?
7
What is the hundreds digit of 2388?
3
What is the hundreds digit of 7654?
6
What is the hundreds digit of 12